{"id":253,"date":"2022-12-05T07:58:30","date_gmt":"2022-12-05T07:58:30","guid":{"rendered":"https:\/\/atelierpektas.com\/wordpress_neu\/?page_id=253"},"modified":"2022-12-05T07:58:41","modified_gmt":"2022-12-05T07:58:41","slug":"atelier","status":"publish","type":"page","link":"https:\/\/atelierpektas.com\/wordpress_neu\/index.php\/atelier\/","title":{"rendered":"Atelier"},"content":{"rendered":"<div id=\"pl-253\"  class=\"panel-layout\" ><div id=\"pg-253-0\"  class=\"panel-grid panel-no-style\" ><div id=\"pgc-253-0-0\"  class=\"panel-grid-cell\" ><div id=\"panel-253-0-0-0\" class=\"so-panel widget widget_sow-editor panel-first-child panel-last-child\" data-index=\"0\" ><div\n\t\t\t\n\t\t\tclass=\"so-widget-sow-editor so-widget-sow-editor-base\"\n\t\t\t\n\t\t>\n<div class=\"siteorigin-widget-tinymce textwidget\">\n\t<div>\n<h1>Erfolgreich<\/h1>\n<h3>Erfolge brauchen Kommunikation.<\/h3>\n<p>Design macht beides sichtbar. Das Atelier Pektas in Linz\/O\u00d6, gegr\u00fcndet 1990, ist ein Studio f\u00fcr visuelle Kommunikation. Sowohl im Print- als auch im Eventbereich liegt unser Fokus dabei auf Grafik, Design und Art. Der nachhaltige Einsatz dieser drei S\u00e4ulen ist f\u00fcr uns die Sprache der Kommunikation, mit der wir uns identifizieren. Alle Formen \u2013 Gebrauchs- und Werbegrafik, Malerei, Illustration und Eventdesign \u2013 werden gen\u00fctzt, um Produkte oder Dienstleistungen der jeweiligen Zielgruppe klar und ansprechend n\u00e4herzubringen. Perfekt abgestimmtes Design pr\u00e4gt den Gesamteindruck eines Unternehmens, steigert seinen Wert und f\u00fchrt zu best\u00e4ndigen Ergebnissen. Die Stimmigkeit vom Logo \u00fcber Druckerzeugnisse bis hin zur Gestaltung von Events wird von den Menschen, den Konsumenten unbewusst wahrgenommen und beurteilt. Deshalb ist das Design von entscheidender Bedeutung f\u00fcr Erfolg oder Nichterfolg einer einzelnen Kampagne oder eines gesamten Firmenauftritts. Firmen aller Gr\u00f6\u00dfenordnungen und Branchen geh\u00f6ren ebenso zu unseren Kunden wie eine der gr\u00f6\u00dften Eventagenturen \u00d6sterreichs, Non-Profit-Organisationen, Kommunen und Interessensverb\u00e4nde. Im Mittelpunkt steht dabei der nachhaltige Gewinn f\u00fcr die Kunden, sowohl imagem\u00e4\u00dfig als auch wirtschaftlich. In pers\u00f6nlichen Gespr\u00e4chen legen wir gemeinsam Ihre Ziele und die Umsetzung fest. F\u00fcr Flexibilit\u00e4t, Zuverl\u00e4ssigkeit, hohes Qualit\u00e4tsniveau und ein faires Preis-Leistungsverh\u00e4ltnis verb\u00fcrgen wir uns.<\/p>\n<h1>Zeitlos.<\/h1>\n<h3>Design kommuniziert.<\/h3>\n<p>\u00dcber Zeiten und Grenzen hinweg. \u201e\u00c4sthetik und Kreativit\u00e4t in Gestaltung und Werbung sind kein Selbstzweck. Grafik ist ,Gebrauchskunst\u2019. Je h\u00f6her die Qualit\u00e4t, umso st\u00e4rker ist ihr k\u00fcnstlerischer Anspruch.\u201c sagt Ali Pektas. So versteht er auch seine Arbeit: umfassende Kommunikation mit Hilfe von Bildern, Grafiken und Designs. Aussagekr\u00e4ftig, eindrucksvoll, zeitlos aktuell. Nach dem Studium (Grafik und Malerei) wurde Ali Pektas 1990 selbstst\u00e4ndiger Designer, Maler und Grafiker. Namhafte Kunden, spektakul\u00e4re Events und sein unverwechselbarer Stil in Malerei und Zeichnung pr\u00e4gen seine Arbeit. Er ist Mitglied der Vereinigung \u201eDesign Austria\u201c und im Berufsverband \u201eBureau of European Designers Associations\u201c innerhalb der Europ\u00e4ischen Wirtschaftsgemeinschaft. Viele seiner Arbeiten f\u00fcr Kunden wurden mit renommierten Preisen ausgezeichnet. Seine markanten \u00d6lbilder findet man u. a. in \u00f6ffentlichen Geb\u00e4uden, staatlichen Einrichtungen, B\u00fcros und Privatsammlungen. Seine Frau Claudia Pektas unterst\u00fctzt ihn im Atelier in Linz bei der Konzeption, der Kundenbetreuungund im kaufm\u00e4nnischen Bereich. Auf dieser Webseite ist ein kleiner Auszug seiner Arbeiten zu sehen. Mehr zum Thema Eventdesign (z. B. voestalpine, Internorm, Allianz, \u2026) gibt es auf der Seite der Gesellschaft f\u00fcr Erlebnismarketing (www.erlebnismarketing.com). Die seit 1993 im Eventbereich bestehende erfolgreiche Kooperation umfasst das Design von Drucksorten, Kommunikations- und Werbemitteln sowie B\u00fchnen- und Dekorationsgestaltungen f\u00fcr verschiedene Events aller Gr\u00f6\u00dfenordnungen.<\/p>\n<\/div>\n<\/div>\n<\/div><\/div><\/div><div id=\"pgc-253-0-1\"  class=\"panel-grid-cell\" ><div id=\"panel-253-0-1-0\" class=\"so-panel widget widget_sow-image panel-first-child panel-last-child\" data-index=\"1\" ><div\n\t\t\t\n\t\t\tclass=\"so-widget-sow-image so-widget-sow-image-default-d6014b76747a-253\"\n\t\t\t\n\t\t>\n\n<div class=\"sow-image-container\">\n\t\t<img decoding=\"async\" src=\"https:\/\/atelierpektas.com\/wordpress_neu\/wp-content\/uploads\/2022\/11\/Ali_Pektas.jpg\" width=\"636\" height=\"1214\" srcset=\"https:\/\/atelierpektas.com\/wordpress_neu\/wp-content\/uploads\/2022\/11\/Ali_Pektas.jpg 636w, https:\/\/atelierpektas.com\/wordpress_neu\/wp-content\/uploads\/2022\/11\/Ali_Pektas-157x300.jpg 157w, https:\/\/atelierpektas.com\/wordpress_neu\/wp-content\/uploads\/2022\/11\/Ali_Pektas-536x1024.jpg 536w\" sizes=\"auto, (max-width: 636px) 100vw, 636px\" alt=\"\" loading=\"lazy\" \t\tclass=\"so-widget-image\"\/>\n\t<\/div>\n\n<\/div><\/div><\/div><\/div><\/div>","protected":false},"excerpt":{"rendered":"<p>Erfolgreich Erfolge brauchen Kommunikation. Design macht beides sichtbar. Das Atelier Pektas in Linz\/O\u00d6, gegr\u00fcndet 1990, ist ein Studio f\u00fcr visuelle Kommunikation. Sowohl im Print- als auch im Eventbereich liegt unser Fokus dabei auf Grafik, Design und Art. Der nachhaltige Einsatz dieser drei S\u00e4ulen ist f\u00fcr uns die Sprache der Kommunikation, mit der wir uns identifizieren. [&hellip;]<\/p>\n","protected":false},"author":1,"featured_media":0,"parent":0,"menu_order":0,"comment_status":"closed","ping_status":"closed","template":"templates\/template-full-width.php","meta":{"footnotes":""},"class_list":["post-253","page","type-page","status-publish","hentry"],"_links":{"self":[{"href":"https:\/\/atelierpektas.com\/wordpress_neu\/index.php\/wp-json\/wp\/v2\/pages\/253","targetHints":{"allow":["GET"]}}],"collection":[{"href":"https:\/\/atelierpektas.com\/wordpress_neu\/index.php\/wp-json\/wp\/v2\/pages"}],"about":[{"href":"https:\/\/atelierpektas.com\/wordpress_neu\/index.php\/wp-json\/wp\/v2\/types\/page"}],"author":[{"embeddable":true,"href":"https:\/\/atelierpektas.com\/wordpress_neu\/index.php\/wp-json\/wp\/v2\/users\/1"}],"replies":[{"embeddable":true,"href":"https:\/\/atelierpektas.com\/wordpress_neu\/index.php\/wp-json\/wp\/v2\/comments?post=253"}],"version-history":[{"count":2,"href":"https:\/\/atelierpektas.com\/wordpress_neu\/index.php\/wp-json\/wp\/v2\/pages\/253\/revisions"}],"predecessor-version":[{"id":255,"href":"https:\/\/atelierpektas.com\/wordpress_neu\/index.php\/wp-json\/wp\/v2\/pages\/253\/revisions\/255"}],"wp:attachment":[{"href":"https:\/\/atelierpektas.com\/wordpress_neu\/index.php\/wp-json\/wp\/v2\/media?parent=253"}],"curies":[{"name":"wp","href":"https:\/\/api.w.org\/{rel}","templated":true}]}}